{"id":13,"date":"2019-05-13T13:39:01","date_gmt":"2019-05-13T11:39:01","guid":{"rendered":"http:\/\/spz.adits.de\/?page_id=13"},"modified":"2024-10-29T20:43:25","modified_gmt":"2024-10-29T19:43:25","slug":"kanzlei","status":"publish","type":"page","link":"https:\/\/www.spz-anwaelte.de\/?page_id=13","title":{"rendered":"Kanzlei"},"content":{"rendered":"\n<p>Die seit 1982 bestehende Kanzlei wurde von Herrn Rechtsanwalt und Notar Dr. Karl-Heinz Storsberg gegr\u00fcndet, der von 1966 \u2013 1981 Oberb\u00fcrgermeister der Stadt R\u00fcsselsheim war. 1993 trat sein Sohn, Herr Rechtsanwalt Uwe Storsberg, als Sozius in die Kanzlei ein. Im Jahr 2010 trat Frau Rechtsanw\u00e4ltin Petra von Schumann in die Kanzlei ein. Seit diesem Zeitpunkt wird die Kanzlei von Herrn Rechtsanwalt Uwe Storsberg und Frau Rechtsanw\u00e4ltin Petra von Schumann gef\u00fchrt. Der Schwerpunkt der Kanzlei liegt in der familienrechtlichen, zivil- und wirtschaftsrechtlichen Beratung und Vertretung. Durch die Zusammenarbeit mit einem ortsans\u00e4ssigen renommierten Steuerberatungs- und Wirtschaftspr\u00fcfungsb\u00fcro wird das Leistungsangebot erweitert.<\/p>\n","protected":false},"excerpt":{"rendered":"","protected":false},"author":1,"featured_media":0,"parent":0,"menu_order":1,"comment_status":"closed","ping_status":"closed","template":"","meta":{"footnotes":""},"class_list":["post-13","page","type-page","status-publish","hentry"],"_links":{"self":[{"href":"https:\/\/www.spz-anwaelte.de\/index.php?rest_route=\/wp\/v2\/pages\/13"}],"collection":[{"href":"https:\/\/www.spz-anwaelte.de\/index.php?rest_route=\/wp\/v2\/pages"}],"about":[{"href":"https:\/\/www.spz-anwaelte.de\/index.php?rest_route=\/wp\/v2\/types\/page"}],"author":[{"embeddable":true,"href":"https:\/\/www.spz-anwaelte.de\/index.php?rest_route=\/wp\/v2\/users\/1"}],"replies":[{"embeddable":true,"href":"https:\/\/www.spz-anwaelte.de\/index.php?rest_route=%2Fwp%2Fv2%2Fcomments&post=13"}],"version-history":[{"count":5,"href":"https:\/\/www.spz-anwaelte.de\/index.php?rest_route=\/wp\/v2\/pages\/13\/revisions"}],"predecessor-version":[{"id":235,"href":"https:\/\/www.spz-anwaelte.de\/index.php?rest_route=\/wp\/v2\/pages\/13\/revisions\/235"}],"wp:attachment":[{"href":"https:\/\/www.spz-anwaelte.de\/index.php?rest_route=%2Fwp%2Fv2%2Fmedia&parent=13"}],"curies":[{"name":"wp","href":"https:\/\/api.w.org\/{rel}","templated":true}]}}